 207 + 133. Calculate j(a).
1
Let b(g) = g**2 - 6*g - 1. Let y = -36 - -167. Let s = -76 + y. Let w = s + -49. Give b(w).
-1
Let c = -135 + 137. Suppose 2*z - 2*p - c = 0, -7 = -z + 2*z - 5*p. Let i(w) = -6*w - 48*w**2 + 29*w**2 + 6 + 24*w**2 - w**z. Give i(4).
-2
Let z(i) be the second derivative of i**4/12 - 7*i**3/6 + 2*i**2 - 536*i + 1. Let p be -1*2 - (-18)/(-6). Let o = 8 + p. What is z(o)?
-8
Suppose 0*k = -2*k, 5*k = -4*p + 220. Suppose -264 + 36 = -4*h. Suppose -h*o + p*o + 8 = 0. Let l(b) = -b**2 + 5*b - 1. Calculate l(o).
3
Let s(x) be the third derivative of x**4/24 - 13*x**3/3 + 6*x**2 + 207*x. What is s(-27)?
-53
Let z(v) = -15*v**2 + 35*v - 6. Let y(a) = 6*a + 6*a + 18*a - 13*a - 7*a**2 - 3. Let i(o) = 13*y(o) - 6*z(o). What is i(9)?
15
Let i(w) = 2*w**3 - 479 + w + 480 + 13*w**3. Let c(q) = q**3 - 6*q**2 - 7*q + 7. Let y be c(7). Suppose -3*f - y = -2*k, -k = -2*k + 2*f + 5. Determine i(k).
-15
Let q(a) = 41*a + 3030. Let b be q(-74). Let o(x) = -3*x**2 - 4*x - 1. Calculate o(b).
-33
Suppose -5*f = -5*b - 6*f + 13, -4*f + 2 = -5*b. Suppose -73 = -b*n - 69. Let q(l) = 3*l + 0*l + 2*l - 1. What is q(n)?
9
Let d(g) = -32 + 37 + 26*g + 4*g**2 + 7. Give d(-6).
0
Let d(h) = -908 - 910 - 892 + h**2 + 3566 - h**3 + 2*h - 909. Calculate d(0).
-53
Let h = 632 + -634. Let y(q) = -q**3 - 3*q**2 + q + 5. What is y(h)?
-1
Let v be (-6)/(-15)*-1 - (-48)/20. Suppose v*x - 3*x = 5. Let c(q) = -q - 11. What is c(x)?
-6
Let p(a) = 17*a + 31. Let g(s) = -205*s + 1228. Let h be g(6). Calculate p(h).
-3
Let w(g) = -g**3 + 6*g**2 - 2*g + 5. Let z be w(6). Let b(d) be the second derivative of d**3/6 + 5*d**2/2 + 1089*d + 6. Calculate b(z).
-2
Suppose 42*t = 2*a + 37*t + 8, 6 = 3*a - 3*t. Let s(w) = w**2 - 13*w + 39. Let c be s(a). Let j(q) = 8*q + 1. Determine j(c).
-23
Let g(b) = -4*b**2 - 6*b - 6. Suppose -4*o - 4*x = 0, -x + 46 - 54 = 5*o. What is g(o)?
-10
Let a(k) be the third derivative of k**5/30 + 7*k**4/12 - 3*k**3 - 2*k**2 - 173*k. Calculate a(-8).
-2
Let k(r) be the second derivative of -r**5 + r**4/12 + r**3/6 - 2*r + 1028. Calculate k(-1).
20
Let o(x) = 2 - 97186882*x**3 + 0*x**2 + 97186881*x**3 - 2*x**2 + 2*x. Let m = -5 + 2. What is o(m)?
5
Let l(n) = 2 - 70*n - 28*n + 2 + 100*n. Let g(j) = 0*j**2 + 3*j**2 + j**2 + 1. Let d be g(-1). Determine l(d).
14
Suppose -3*k - 3*s + 6 = 0, -21*k + 3*s + 2 = -26*k. Let q(a) = -a**2 + 11*a + 45. Calculate q(k).
-15
Let b(x) = -2*x - 4. Let q(t) = -19*t - 95. Let r(g) = -12*b(g) + q(g). Give r(4).
-27
Suppose -15*t + 164 = -56*t. Let c(y) = -9*y**2 + 2*y + 9. Let d(l) = 5 + 2*l - 5*l**2 - l - 1. Let w(n) = t*c(n) + 9*d(n). Calculate w(-1).
-10
Let g(z) = z**2 + 13*z + 15. Let x be 1152/(-120) - (-14)/(-10). Determine g(x).
-7
Let l(d) be the third derivative of d**7/2520 - d**6/60 - 3*d**5/40 + 13*d**4/8 + 124*d**2. Let g(a) be the second derivative of l(a). Calculate g(13).
4
Let t(z) be the second derivative of -z**5/60 - z**4/12 - 5*z**3/2 + 5*z**2/2 - 185*z. Let d(i) be the second derivative of t(i). Calculate d(2).
-6
Let u(j) = 16*j**2 + 46*j - 211. Let i(z) = 3*z**2 + 9*z - 42. Let w(s) = 11*i(s) - 2*u(s). Give w(-11).
4
Let f(s) = -68*s**3 - 92*s**2 - 13*s - 61. Let p(r) = 21*r**3 + 29*r**2 + 4*r + 20. Let i(n) = 4*f(n) + 13*p(n). Calculate i(-8).
80
Let l(u) = -36 - 36 + 17 + 3*u**2 - 2*u**2 + 22*u. Determine l(-23).
-32
Suppose 5*g + 3*t + 137 = 35, 3*g - 5*t + 68 = 0. Let j(u) = -u**2 - 21*u + 16. Determine j(g).
16
Suppose 6 = 4*a - 14, b + 5*a - 27 = 0. Let q(d) = -40*d**b + 0*d + 6*d + 41*d**2. Give q(-7).
7
Let m(a) = -a + 7 - 23 + 35 - 18 - 2*a + 34*a**2. What is m(1)?
32
Let i(c) be the second derivative of -4*c**2 + 0*c**3 - 1/20*c**5 - 74 - c + 1/12*c**4. Determine i(0).
-8
Let c(n) = -n**2 - 8*n - 18. Let y be c(-6). Let u be 1/2*y/(-3). Let l(a) = a**2 + a + 1. Let q(j) = -6*j + 5. Let v(x) = u*l(x) + q(x). Calculate v(4).
2
Let w(x) = -x**3 + 9*x + 2. Let i be w(3). Let j(f) = 14 - i + 7*f - 13. What is j(1)?
6
Let m(t) = -t**2 + 11*t - 22. Let u(s) = 32*s - 24. Let l be u(1). Suppose l*c - 49 = 39. Determine m(c).
-22
Suppose f - 4*w = 12, -33 = f + 371*w - 366*w. Let g(q) = -q**2 - 11*q + 7. What is g(f)?
31
Let r(i) be the first derivative of 3 + 1/2*i**2 + 2*i. Let a = -10501 + 10506. What is r(a)?
7
Let h(i) = 6 - 19 + 14 + 2 + 5*i + 10. Give h(-12).
-47
Let k(p) = -2*p**2 + 22*p - 65. Suppose -r = 4*f - 28, -191 = 5*r - 211. Calculate k(f).
-5
Let g = 364 + -363. Let s(d) = -1 + g - 277*d + 556*d - 277*d. Give s(-4).
-8
Let i(o) = 20*o**2 + o. Suppose 3*c = 2*c + 69. Suppose 67 - c = 2*b. What is i(b)?
19
Suppose -4*d - 3*y + 64 = -6*y, 2*y = -4*d + 64. Suppose -7*b = -3*b - d. Let s(r) = -1468*r**2 - 2*r**3 - r - 4 + r**3 + 1473*r**2. Give s(b).
8
Let r be (-600)/88 - (-2)/(-11). Let s(m) = -m**3 + m**2 + 6*m. Let v(f) = -3*f**3 + 12*f**2 + 33*f + 17. Let u(q) = 4*s(q) - v(q). Determine u(r).
-3
Let g(t) be the first derivative of t**4/12 + t**3/3 - t**2/2 - 2. Let l(m) be the second derivative of g(m). Suppose 515*d - 559 - 733 = -262. Give l(d).
6
Let f(l) = l**3 - 13*l**2 + 11*l + 12. Let b be f(12). Let k(u) be the first derivative of 0*u + 1/3*u**3 + 1/2*u**2 + 33. Determine k(b).
0
Suppose -o = 4711 - 4715. Let c(m) = 7*m - 8. Let d(b) = 6*b - 8. Let j(n) = 3*c(n) - 4*d(n). What is j(o)?
-4
Let w(o) = -o**3 + 137*o**2 + 6219*o + 1546. Let c be w(173). Let i(r) be the first derivative of -r**3/3 - 7*r**2 - 13*r - 1. Calculate i(c).
20
Suppose 170 = -3*j - 2*o, 0*j + j - 2*o = -54. Let f = j - -52. Let v be (-4)/(f - (-40)/12). Let w(s) = s**3 - 7*s**2 + 5*s - 8. Determine w(v).
-14
Let d be ((-8)/18)/((-36)/324). Suppose 4*g - 7*g = 4*p + 46, -d*g - 5*p = 60. Let q(v) = -v**3 - 9*v**2 + 9*v - 5. Calculate q(g).
5
Let b(p) = -2373*p + 21358. Let y be b(9). Let o(z) = -2*z - 6*z - 2*z + 0 + 2. Determine o(y).
-8
Let y = -3507 + 3501. Let j(m) = m**3 + 6*m**2 + 4*m + 23. What is j(y)?
-1
Let f(k) be the third derivative of k**6/120 - 2*k**5/15 + 7*k**4/24 - k**3/3 - k**2. Let z = -741 + 1190. Let j = z - 442. Give f(j).
-2
Let t(q) = q**2 + 10*q - 16. Suppose -426*l - 18 = -435*l. Let i be 2/(l*6/(-72)). What is t(i)?
8
Let y = 7009 - 7005. Let a(p) = -p**2 - p + 2. Calculate a(y).
-18
Suppose 10*o = 6*o + 2*b + 84, 80 = 4*o - b. Let r be o/(-76) - 62/8. Let q(n) = -2*n - 4. Determine q(r).
12
Suppose -871*a + 930*a = 0. Let h(x) = -x**3 - x**2 - 4*x + 3. Calculate h(a).
3
Let h(o) = -2*o**3 - 7*o**2 + 13*o + 67 - 4*o - 69 + o**3. Let m be (9/(-6))/((-15)/(-80)). Calculate h(m).
-10
Let q(r) = -11*r - 4*r + 40 + r + 5*r + 6*r**2 - r**3 - 26. Determine q(5).
-6
Let i(v) = -v**3 - 20*v**2 - 5*v + 39. Let s be i(-20). Let x(z) = 73*z + z**3 + 3 - s*z + 71*z + 4*z**2. What is x(-4)?
-17
Let q(z) be the second derivative of z**5/20 - z**4/4 + z**3/6 - z**2 + 676*z. Let p(g) = g**2 - 5*g - 6. Let c be p(6). Let o = 3 - c. Give q(o).
1
Let h(p) = -p**3 + 28*p**2 + 31*p - 57. Let n be (12/(-60) + 2905/25)/4. Calculate h(n).
1
Let j(f) = f**3 + 51 - 24 + 3*f - 4*f - 13 - f + 8*f**2. Determine j(-8).
30
Let d(x) = -28*x + 57 + 8*x + 16*x - 48. What is d(-3)?
21
Let z(l) = -5*l**3 + 13*l**2 + 4*l + 27. Let h(s) = 82 - s**3 - 238 + 88 + s + 3*s**2 + 75. Let p(j) = 9*h(j) - 2*z(j). Determine p(0).
9
Let w be 1071/510 - 5/50. Let i(q) be the third derivative of q**6/40 + q**5/60 + q**4/12 + q**3/6 - q**2. What is i(w)?
33
Suppose 15*o + 4666 = -719. Let l = o + 354. Let x(v) = -v**3 - 4*v**2 + 5*v. Give x(l).
0
Let b(k) = -8*k + 12. Let n(f) = -5*f + 6. Let s(r) = 3*b(r) - 5*n(r). Calculate s(-7).
-1
Let y(w) = w**3 + 33*w**2 + 206*w + 50. Let o be y(-8). Let r(l) be the third derivative of 0*l - 1/12*l**4 - 1/3*l**3 + 51*l**o + 0. Calculate r(-2).
2
Let b = -527 - -529. Let h be (-9)/b*8/6. Let j(f) = f**3 + 5*f**2 + 5. Calculate j(h).
-31
Let o(h) be the first derivative of -h**2/2 + 1530. Let c(y) = y + 1. Let m be c(5). Determine o(m).
-6
Suppose -2*o - 212 = 4*t, -4*o - 204 = 2*t + 2*t. Let u = 75 + -25. Let c = t + u. Let z(l) = -l**3 - 5*l**2 - l + 3. Give z(c).
8
Suppose 31*t - 26*t - 60 = 0. Suppose -t*d - 159 = 9. Let c(r) = -r**2 - 12*r + 20. Give c(d).
-8
Let i(a) = -3*a**2 + 21*a**2 + 25*a**2 + a**3 - 56*a**2 + 24*a - 18. What is i(11)?
4
Let s(g) = g**2 + 4*g - 3.